3205721758?
2
What is the millions digit of 3091002490?
1
What is the ten thousands digit of 142547903?
4
What is the units digit of 99974057?
7
What is the ten thousands digit of 44683883?
8
What is the hundred millions digit of 896205992?
8
What is the units digit of 5366192934?
4
What is the units digit of 224334529?
9
What is the hundred millions digit of 1544444996?
5
What is the thousands digit of 22125513?
5
What is the hundreds digit of 70071484?
4
What is the ten millions digit of 47560017?
4
What is the tens digit of 63788100?
0
What is the hundred millions digit of 1304353088?
3
What is the hundred thousands digit of 10568593?
5
What is the hundred thousands digit of 154418073?
4
What is the tens digit of 1578382218?
1
What is the ten millions digit of 6432217020?
3
What is the billions digit of 1522246892?
1
What is the millions digit of 127776813?
7
What is the units digit of 6162530?
0
What is the tens digit of 210707529?
2
What is the hundreds digit of 113601824?
8
What is the ten millions digit of 102528286?
0
What is the tens digit of 3920064?
6
What is the thousands digit of 312410100?
0
What is the tens digit of 436804193?
9
What is the hundreds digit of 100452657?
6
What is the tens digit of 246094287?
8
What is the ten millions digit of 1162163403?
6
What is the millions digit of 1056082997?
6
What is the hundreds digit of 117361656?
6
What is the ten thousands digit of 98730607?
3
What is the ten thousands digit of 631440040?
4
What is the hundred thousands digit of 1388796636?
7
What is the ten millions digit of 47506501?
4
What is the millions digit of 117366966?
7
What is the units digit of 678888205?
5
What is the tens digit of 92581421?
2
What is the ten millions digit of 374049001?
7
What is the units digit of 10403187?
7
What is the hundred thousands digit of 22725181?
7
What is the hundred thousands digit of 33752995?
7
What is the millions digit of 2775917758?
5
What is the ten millions digit of 79952102?
7
What is the hundreds digit of 1452241204?
2
What is the ten millions digit of 452470644?
5
What is the units digit of 115244231?
1
What is the tens digit of 37005781?
8
What is the tens digit of 363038813?
1
What is the units digit of 3174829821?
1
What is the hundred thousands digit of 315919473?
9
What is the hundred thousands digit of 545636257?
6
What is the ten thousands digit of 28314984?
1
What is the hundred thousands digit of 65436308?
4
What is the units digit of 176863084?
4
What is the hundred millions digit of 146146729?
1
What is the hundred thousands digit of 18985160?
9
What is the hundred thousands digit of 45569177?
5
What is the tens digit of 750303752?
5
What is the ten thousands digit of 217833709?
3
What is the hundreds digit of 55426514?
5
What is the ten thousands digit of 1244132258?
3
What is the hundred thousands digit of 246861619?
8
What is the units digit of 326141010?
0
What is the hundreds digit of 484713658?
6
What is the ten thousands digit of 437031731?
3
What is the ten millions digit of 838622432?
3
What is the hundreds digit of 47195806?
8
What is the hundreds digit of 130628124?
1
What is the units digit of 5298251767?
7
What is the ten thousands digit of 2156902690?
0
What is the units digit of 252224348?
8
What is the hundred thousands digit of 121894339?
8
What is the tens digit of 226796203?
0
What is the ten millions digit of 132740773?
3
What is the hundreds digit of 3375559703?
7
What is the tens digit of 312011399?
9
What is the hundred thousands digit of 16525743?
5
What is the ten millions digit of 17769119?
1
What is the billions digit of 1338576640?
1
What is the millions digit of 514702738?
4
What is the tens digit of 7277860?
6
What is the ten millions digit of 164558780?
6
What is the ten millions digit of 617770909?
1
What is the hundred millions digit of 1485247679?
4
What is the tens digit of 3706914273?
7
What is the tens digit of 768257829?
2
What is the millions digit of 252704881?
2
What is the ten thousands digit of 61180727?
8
What is the tens digit of 4675991081?
8
What is the thousands digit of 38043051?
3
What is the units digit of 1609998787?
7
What is the billions digit of 2674809764?
2
What is the millions digit of 213034908?
3
What is the units digit of 432464088?
8
What is the hundred millions digit of 249994278?
2
What is the tens digit of 89661731?
3
What is the millions digit of 166489504?
6
What is the hundreds digit of 1740790152?
1
What is the ten thousands digit of 1036300416?
0
What is the thousands digit of 41666693?
6
What is the hundred thousands digit of 453239404?
2
What is the hundred thousands digit of 3409278028?
2
What is the millions digit of 5569145?
5
What is the millions digit of 53857639?
3
What is the hundred thousands digit of 71568265?
5
What is the ten thousands digit of 28199888?
9
What is the ten millions digit of 4507584520?
0
What is the millions digit of 500986346?
0
What is the units digit of 874959639?
9
What is the hundred thousands digit of 148621527?
6
What is the ten millions digit of 102740875?
0
What is the thousands digit of 18050728?
0
What is the thousands digit of 55925813?
5
What is the ten millions digit of 465084459?
6
What is the hundred thousands digit of 2722685087?
6
What is the units digit of 3853062?
2
What is the units digit of 1532964091?
1
What is the ten thousands digit of 5938111?
3
What is the thousands digit of 2426201472?
1
What is the hundreds digit of 789564685?
6
What is the tens digit of 4282773131?
3
What is the hundred millions digit of 1250723789?
2
What is the hundred thousands digit of 83395785?
3
What is the units digit of 50122273?
3
What is the millions digit of 155784316?
5
What is the ten millions digit of 3563435863?
6
What is the ten thousands digit of 9826455?
2
What is the hundred thousands digit of 154497859?
4
What is the hundreds digit of 703215406?
4
What is the hundred thousands digit of 352094320?
0
What is the units digit of 70409985?
5
What is the millions digit of 585096527?
5
What is the units digit of 1098065365?
5
What is the thousands digit of 1066731905?
1
What is the units digit of 195926366?
6
What is the ten millions digit of 382623267?
8
What is the ten thousands digit of 16925327?
2
What is the tens digit of 130098807?
0
What is the ten thousands digit of 1725892558?
9
What is the ten millions digit of 15679977?
1
What is the millions digit of 26141244?
6
What is the millions digit of 367988482?
7
What is the tens digit of 733448153?
5
What is the billions digit of 2476276959?
2
What is the ten millions digit of 39789998?
3
What is the thousands digit of 8772851?
2
What is the millions digit of 220422326?
0
What is the ten thousands digit of 2754544047?
4
What is the tens digit of 972814737?
3
What is the thousands digit of 47415729?
5
What is the hundred millions digit of 100168750?
1
What is the units digit of 1078463158?
8
What is the hundred thousands digit of 29488234?
4
What is the millions digit of 340173852?
0
What is the millions digit of 36713537?
6
What is the ten millions digit of 1402142429?
0
What is the ten thousands digit of 276675201?
7
What is the millions digit of 2822194641?
2
What is the hundred thousands digit of 4021221?
0
What is the ten millions digit of 11830610?
1
What is the hundreds digit of 4862869238?
2
What is the tens digit of 90556526?
2
What is the ten millions digit of 2376986888?
7
What is the hundreds digit of 538785743?
7
What is the hundred thousands digit of 143639153?
6
What is the tens digit of 53539525?
2
What is the thousands digit of 1479472061?
2
What is the hundreds digit of 174275771?
7
What is the hundred thousands digit of 1699790762?
7
What is the hundreds digit of 142871974?
9
What is the thousands digit of 24659141?
9
What is the hundreds digit of 5743551750?
7
What is the tens digit of 2678828966?
6
What is the hundred thousands digit of 685102682?
1
What is the hundred millions digit of 418386734?
4
What is the ten millions digit of 1847044302?
4
What is the tens digit of 545346033?
3
What is the ten thousands digit of 190103061?
0
What is the tens digit of 8999972?
7
What is the units digit of 439423579?
9
What is the hundreds digit of 38093750?
7
What is the millions digit of 1436372